highest common divisor of q and 18.
2
Suppose -4*c + t = -37 + 13, 0 = -3*t - 12. What is the greatest common factor of c and 2?
1
Suppose -2*w - 2*w + 36 = 0. Suppose 1 = 4*v - 3. Calculate the greatest common factor of v and w.
1
Suppose -2*w + 418 = 130. Let p(g) = g + 16. Let c be p(0). What is the highest common divisor of w and c?
16
Let k(d) = -d + 9. Suppose 3*q - a = -17, -2*q + 2 = -3*a - a. Let j be -1 - (-1 - 0) - q. Let l be k(j). Calculate the greatest common factor of l and 16.
2
Let r be (-50)/(-6) + 2/(-6). Suppose -4*l = h - r, -l + 3 - 55 = -2*h. What is the greatest common factor of h and 3?
3
Let g be -3*(-3)/((-27)/(-24)). Calculate the greatest common factor of 2 and g.
2
Suppose 81 = 3*o + 3*w, -w - 33 = 2*o - 90. Let s(g) = 6*g - 15. Let c be s(10). Calculate the greatest common divisor of o and c.
15
Let z be (-2)/(-4) - 13/2. Let m(q) = -2*q - 8. Let o be m(z). Suppose 56 + o = 2*b. What is the greatest common divisor of 20 and b?
10
Let s be (2/1)/((10/(-8))/(-5)). Suppose -2*t + 4*l = -92, 0*l + 20 = 4*l. Calculate the highest common divisor of s and t.
8
Let b(n) = n**2 + n - 5. Let j be b(2). What is the greatest common divisor of j and 9?
1
Let x(q) = q**2 + 29*q + 21. Let z be x(-30). What is the highest common factor of z and 17?
17
Let n = -24 + 160. Let b be 1/(16/(-17) - -1). Calculate the greatest common divisor of n and b.
17
Let l(z) = -4*z - 2*z - 1 + 0*z. Let w be l(-1). Calculate the greatest common factor of w and 45.
5
Let p = 18 - -22. Suppose -3*o = -12 - 6. Suppose -2*w + 10 = -o. Calculate the highest common divisor of w and p.
8
Let w = 5 + 37. What is the highest common divisor of w and 6?
6
Suppose -4*q = -r + 4 + 38, 3*r - 99 = 3*q. What is the highest common factor of 10 and r?
10
Let x be (-2)/(-3) + (-21)/(-9). Suppose -x*a + 24 = a. What is the greatest common divisor of a and 9?
3
Suppose -2*h = -s + 3*h + 84, 0 = -3*s + h + 196. Calculate the highest common factor of 160 and s.
32
Let x = 2 - 11. Let q = x + 19. Let d be (-35)/(-8) + (-15)/40. What is the highest common divisor of d and q?
2
Suppose 8*f = f + 70. Calculate the highest common divisor of 50 and f.
10
Suppose -12 = -5*k - 3*c + 405, 5*k - 3*c = 393. What is the greatest common factor of k and 9?
9
Let z = 27 - -63. Suppose 0 = -2*x + 3*c + 24, 8*x - 4*x - 4*c = 44. What is the greatest common factor of z and x?
9
Let p(f) = -6 - 7 - 5*f - 3. Let j be p(-11). Suppose j = 3*q - 0*q. What is the greatest common factor of q and 13?
13
Suppose v = 2 + 6. Suppose 0 = -3*c - c + 36. Let a = 13 - c. What is the greatest common divisor of v and a?
4
Let y(m) = -m + 3. Let r be y(-6). Suppose 178 + 47 = 5*b. Calculate the highest common divisor of r and b.
9
Let r be (-6)/(-21) + (-9)/7. Let n be 4 - (-24)/(r - -5). Calculate the greatest common divisor of 80 and n.
10
Let p(v) = v**3 - 9*v**2 + 7*v + 8. Let g be p(8). Suppose g*n + 8 = 2*n + 3*y, -5*y + 5 = -5*n. Let d = 7 + n. What is the greatest common factor of d and 24?
8
Let t be (-11*(1 - -1))/(-2). Suppose t = 5*d + 1. Suppose -d*h = 3*h - 10. Calculate the greatest common factor of h and 18.
2
Let h be (-1 - 4)*(-12)/(-10). Let d = -2 - h. What is the greatest common divisor of d and 36?
4
Suppose -9*m + 542 + 1042 = 0. Calculate the greatest common factor of m and 22.
22
Suppose 5*z = 4*n - 91, 3*n - 22*z + 17*z - 67 = 0. What is the greatest common factor of 24 and n?
24
Suppose 5*y = -5*u + 25, -3*u = -y - u - 1. Suppose -y*m - f - 342 = m, -5*m + 3*f = 436. Let i = m + 163. Calculate the greatest common factor of 11 and i.
11
Let m(x) = x**3 - x**2 - 2*x - 2. Let p be m(-2). Let h = 43 + p. What is the greatest common divisor of h and 3?
3
Let u(h) = -8*h - 6*h + 5*h - 6 - h**2. Let c be u(-8). Suppose -c*l + o + 21 = 0, 62 = 2*l - 5*o + 21. What is the highest common divisor of 24 and l?
8
Suppose 0 = 7*p - 0*p - 238. Calculate the greatest common divisor of 102 and p.
34
Let f = 92 - 87. Calculate the greatest common divisor of f and 15.
5
Suppose -2*p - 2*a + 0*a + 148 = 0, 0 = a - 4. Let f be (-2)/(-4) + 10/(-4). Let b be (1 + f)*(-10 + 0). Calculate the highest common factor of b and p.
10
Let k = -158 - -356. What is the highest common factor of k and 18?
18
Let t(q) = q - 6. Let n be t(14). Calculate the highest common divisor of n and 16.
8
Let x(y) = y**3 - 2*y. Let v be x(2). Suppose -c = -3, -59 = -v*i + c - 2*c. Calculate the greatest common divisor of i and 112.
14
Suppose 0 = -5*s + 5*m + 15, 5*s + 3*m = -m + 24. Suppose -12 = -s*n - 4. What is the greatest common factor of 2 and n?
2
Let q(v) = -2*v**3 - 4*v**2 - 2*v + 1. Let x be q(-2). Let r be (3/(-12))/((-1)/4). Let p = 36 - r. What is the greatest common divisor of x and p?
5
Suppose 4*v = 20, -5*j - 2*v = 2 - 32. Suppose 10 = 2*k - k + j*h, 5*k = 2*h + 50. Calculate the greatest common factor of k and 30.
10
Let x be 2 - (-15)/(-9) - (-10)/6. Calculate the highest common factor of x and 2.
2
Suppose -49 = -s - 8. Suppose 0 = -3*d + s - 5. Calculate the greatest common divisor of 12 and d.
12
Let z(v) = v**3 + 13*v**2 + 10*v - 13. Let i be z(-12). Calculate the greatest common divisor of 44 and i.
11
Let n(a) = -a + 1. Let q(f) = 2*f**2 + 3*f - 7. Let k(r) = 4*n(r) + q(r). Let d be k(-3). Let b = -7 + d. What is the highest common divisor of b and 11?
11
Suppose 3*a + 5 = 20. What is the greatest common divisor of a and 55?
5
Let j(o) be the third derivative of 193*o**4/24 - o**3/2 - 2*o**2. Let k be j(3). Let w be (k/6)/(2 - 1). What is the greatest common divisor of 12 and w?
12
Let r(q) = 7*q**2 - q. Let b be r(-1). Calculate the highest common factor of 8 and b.
8
Let b(y) = 14*y**2 - 4*y + 2. Let f be b(2). Calculate the greatest common factor of 25 and f.
25
Let d = -12 + 13. Let x be d/2*150/3. What is the greatest common divisor of x and 10?
5
Suppose 2*s - 5 = 1. Calculate the greatest common divisor of 15 and s.
3
Let h = 96 - 73. Calculate the greatest common factor of h and 161.
23
Let f be (-5)/15 + 182/6. Calculate the highest common divisor of 12 and f.
6
Let z be ((-9)/6)/(12/(-16)). Suppose 2*f = -3*k + 2*k + 3, 5*f - 3*k = 13. Suppose -f*a + 200 = z*a. What is the greatest common divisor of a and 20?
10
Let o(w) = 1. Let n(h) = 10*h - 2. Let t(g) = n(g) + 5*o(g). Let p be t(3). What is the greatest common factor of 11 and p?
11
Suppose 25 = -4*w + 5*w. What is the highest common divisor of w and 75?
25
Let q(g) = -16*g - 5. Let o be q(-6). Suppose -3*s + 3*n + 64 = s, -59 = -3*s + 5*n. What is the greatest common divisor of o and s?
13
Let y(o) = o**2 - 14*o + 32. Let k be y(18). What is the highest common divisor of 13 and k?
13
Let d = -35 - -53. Let t(n) = -11*n**3 + n. Let k be t(1). Let w = -4 - k. Calculate the greatest common divisor of d and w.
6
Let h = 66 + -18. Calculate the highest common factor of 6 and h.
6
Suppose -3*l + 12 = -0*l. Suppose -l*u + 2*b = 4*b - 26, -5*b = u - 20. Calculate the greatest common divisor of u and 40.
5
Let i(n) = 5*n - 25. Let u be i(14). Calculate the greatest common factor of 5 and u.
5
Suppose -3*d - 153 = -2*c, -6*d + 3*d + 99 = c. Let t be 0/((-2)/(-4)*4). Suppose t*h + 2*h - 24 = 0. Calculate the highest common factor of c and h.
12
Let w(z) = 2*z**2 + z + 1. Let o be w(-1). Calculate the highest common divisor of o and 1.
1
Suppose -7*u + 2*u = g - 18, 4*u - 3 = 3*g. Let v be -2 + g + 4 + 14. Let f(q) = 3*q + 4. Let r be f(5). What is the highest common factor of r and v?
19
Suppose 29 = 3*w - 34. What is the highest common divisor of w and 14?
7
Let l(v) = v**2 + 7*v - 7. Let f be l(-10). Let n(x) = -8*x - 2. Let g be n(-6). Calculate the greatest common factor of g and f.
23
Let y = -2 - 2. Let a be 0 + 1 - 8/y. Suppose 3 = a*c - 3. Calculate the highest common divisor of 1 and c.
1
Let v(p) = -p**3 + 18*p**2 - 28*p - 7. Let u be v(16). What is the highest common factor of 76 and u?
19
Suppose 2*p = p. Suppose p = 4*l - 2 - 46. What is the greatest common factor of 6 and l?
6
Let l = 15 + -7. Let j be l/28 + 159/7. Calculate the highest common factor of 69 and j.
23
Let z = -17 - -31. Suppose 35 = -3*v + 14. Let j(m) = -m**3 - 6*m**2 + 5*m + 7. Let q be j(v). Calculate the greatest common factor of q and z.
7
Let c(z) = 4*z -